{"id":3058,"date":"2021-04-03T12:34:55","date_gmt":"2021-04-03T10:34:55","guid":{"rendered":"https:\/\/azurauto.fr\/?page_id=3058"},"modified":"2021-04-03T12:37:40","modified_gmt":"2021-04-03T10:37:40","slug":"coordonnees","status":"publish","type":"page","link":"https:\/\/azurauto.fr\/?page_id=3058","title":{"rendered":"Coordonn\u00e9es"},"content":{"rendered":"\n<p>Vous pouvez nous contacter :<\/p>\n\n\n\n<p><strong>par t\u00e9l\u00e9phone<\/strong> : 06 17 50 53 78 du lundi au samedi de 9 heures \u00e0 19 heures<\/p>\n\n\n\n<p><strong>par mail<\/strong> : info@azurauto.fr<\/p>\n\n\n\n<p>ou en utilisant notre <strong>formulaire de contact<\/strong>.<\/p>\n\n\n\n<p>Faites-nous part de vos demandes sur un mod\u00e8le en stock, ou pour une recherche de v\u00e9hicule, et nous nous ferons un plaisir de vous recontacter au plus vite.<\/p>\n\n\n\n<p><strong>Tous nos v\u00e9hicules sont visibles sur rendez-vous, merci de nous contacter au pr\u00e9alable.<\/strong><\/p>\n\n\n\n<p>Notre parc se situe \u00e0 VENCE (06140) &#8211; 117 avenue colonel Mey\u00e8re, mais certains v\u00e9hicules sont stock\u00e9s en parking s\u00e9curis\u00e9. Merci donc de nous contacter avant de vous d\u00e9placer.<\/p>\n","protected":false},"excerpt":{"rendered":"<p>Vous pouvez nous contacter : par t\u00e9l\u00e9phone : 06 17 50 53 78 du lundi au samedi de 9 heures \u00e0 19 heures par mail : info@azurauto.fr ou en utilisant notre formulaire de contact. Faites-nous part de vos demandes sur &hellip; <a href=\"https:\/\/azurauto.fr\/?page_id=3058\">Lire la suite\u00ad\u00ad<\/a><\/p>\n","protected":false},"author":1,"featured_media":0,"parent":0,"menu_order":0,"comment_status":"closed","ping_status":"closed","template":"","meta":{"kt_blocks_editor_width":"","footnotes":""},"class_list":["post-3058","page","type-page","status-publish","hentry"],"aioseo_notices":[],"_links":{"self":[{"href":"https:\/\/azurauto.fr\/index.php?rest_route=\/wp\/v2\/pages\/3058","targetHints":{"allow":["GET"]}}],"collection":[{"href":"https:\/\/azurauto.fr\/index.php?rest_route=\/wp\/v2\/pages"}],"about":[{"href":"https:\/\/azurauto.fr\/index.php?rest_route=\/wp\/v2\/types\/page"}],"author":[{"embeddable":true,"href":"https:\/\/azurauto.fr\/index.php?rest_route=\/wp\/v2\/users\/1"}],"replies":[{"embeddable":true,"href":"https:\/\/azurauto.fr\/index.php?rest_route=%2Fwp%2Fv2%2Fcomments&post=3058"}],"version-history":[{"count":2,"href":"https:\/\/azurauto.fr\/index.php?rest_route=\/wp\/v2\/pages\/3058\/revisions"}],"predecessor-version":[{"id":3061,"href":"https:\/\/azurauto.fr\/index.php?rest_route=\/wp\/v2\/pages\/3058\/revisions\/3061"}],"wp:attachment":[{"href":"https:\/\/azurauto.fr\/index.php?rest_route=%2Fwp%2Fv2%2Fmedia&parent=3058"}],"curies":[{"name":"wp","href":"https:\/\/api.w.org\/{rel}","templated":true}]}}